{"id":103,"date":"2021-01-07T23:23:58","date_gmt":"2021-01-07T23:23:58","guid":{"rendered":"https:\/\/cercomat.com.ar\/?post_type=product&#038;p=103"},"modified":"2023-09-07T20:50:00","modified_gmt":"2023-09-07T20:50:00","slug":"pegamento-impermeable-ceramica-keraflor-30kg-mapei-adhesivo","status":"publish","type":"product","link":"https:\/\/cercomat.com.ar\/?product=pegamento-impermeable-ceramica-keraflor-30kg-mapei-adhesivo","title":{"rendered":"Pegamento Cer\u00e1mica Keraflor Plus 30kg Mapei Adhesivo"},"content":{"rendered":"<div class=\"ui-pdp-container__row ui-pdp-container__row--technical-specifications\">\n<div class=\"ui-pdp-specs\">\n<h2 class=\"ui-pdp-specs__title\">Caracter\u00edsticas principales<\/h2>\n<div class=\"ui-pdp-specs__table\">\n<table class=\"andes-table\">\n<tbody class=\"andes-table__body\">\n<tr class=\"andes-table__row\">\n<th class=\"andes-table__header andes-table__header--left ui-pdp-specs__table__column ui-pdp-specs__table__column-title\">Marca<\/th>\n<td class=\"andes-table__column andes-table__column--left ui-pdp-specs__table__column\"><span class=\"andes-table__column--value\">Mapei<\/span><\/td>\n<\/tr>\n<tr class=\"andes-table__row\">\n<th class=\"andes-table__header andes-table__header--left ui-pdp-specs__table__column ui-pdp-specs__table__column-title\">Modelo<\/th>\n<td class=\"andes-table__column andes-table__column--left ui-pdp-specs__table__column\"><span class=\"andes-table__column--value\">Keraflor Plus<\/span><\/td>\n<\/tr>\n<\/tbody>\n<\/table>\n<p>Adhesivo cementicio para pisos y revestimientos cer\u00e1micos de alta absorci\u00f3n.<\/p>\n<p>Campos de aplicaci\u00f3n:<br \/>\n\u2022 Colocaci\u00f3n en interiores y exteriores de cer\u00e1micos de alta absorci\u00f3n en pisos y paredes, sobre superficies cementicias.<br \/>\n\u2022 Sobre yeso previa aplicaci\u00f3n de PRIMER G.<\/p>\n<p>Datos t\u00e9cnicos:<br \/>\nDuraci\u00f3n de la mezcla: 6-8 horas.<br \/>\nTiempo abierto: 20 minutos.<br \/>\nRealizaci\u00f3n de juntas:<br \/>\n&#8211; en paredes: 3-6 horas.<br \/>\n&#8211; en pisos: 24 horas.<br \/>\nPuesta en servicio: aprox.\u00a014 d\u00edas.<br \/>\nAplicaci\u00f3n: con llana dentada<br \/>\nAlmacenamiento: 12 meses.<\/p>\n<p>Consumo:<br \/>\n2 a 5 kg \u200b\u200b\/ m<sup>2.<\/sup><\/p>\n<p>Presentaci\u00f3n:<br \/>\nbolsas de 30 kg.<\/p>\n<\/div>\n<\/div>\n<\/div>\n<div class=\"ui-pdp-container__row ui-pdp-container__row--description\">\n<div class=\"ui-pdp-description\">\n<h2 class=\"ui-pdp-description__title\">Descripci\u00f3n<\/h2>\n<p class=\"ui-pdp-description__content\">FORMAS DE PAGO Y FACTURACI\u00d3N:<br \/>\n* Aceptamos efectivo\/ Transferencia\/ Dep\u00f3sito\/ Mercado Pago.<br \/>\n* Realizamos factura \u00abA\u00bb y \u00abB\u00bb de todos nuestros productos.<\/p>\n<p>_____________________________<\/p>\n<p>TIPO DE DESPACHO:<\/p>\n<p>\u2022 Mercado env\u00edos entrega a todo el pa\u00eds (\u00danicamente publicaciones que tengan mercado env\u00edos).<br \/>\n\u2022 Env\u00edos a Domicilio o transportes de CABA y GBA. <strong><span style=\"color: #ff0000;\">((CONSULTAR COSTO DE ENV\u00cdO))<\/span><\/strong><br \/>\n\u2022 Para env\u00edos fuera de Buenos Aires. Se realiza a trav\u00e9s de alg\u00fan servicio de transporte \/ expreso, en Capital Federal, contratado a cargo del cliente.<br \/>\nRealiz\u00e1 la consulta para que podamos cotizar el env\u00edo y embalaje adicional hasta el transporte que nos indiques.<br \/>\nNo nos responsabilizamos por ning\u00fan desperfecto o rotura que pudiese surgir por el transporte de materiales delicados.<\/p>\n<p>RETIRA EN SUCURSAL<\/p>\n<p>\u2022 Los Polvorines: Retiro inmediato en caso de poseer stock del material, con aviso previo a nuestro personal por mail o tel\u00e9fono.<\/p>\n<p>_______________________________________<\/p>\n<p>CAMBIOS\/RECLAMOS<\/p>\n<p>\u2022 Es necesario para la devoluci\u00f3n\/cambio que el\/los productos est\u00e9n sin uso, en perfectas condiciones. Se deber\u00e1 conservar la factura y\/o remito de entrega. Los productos que hayan sido instalados correr\u00e1n con la garant\u00eda del fabricante.<br \/>\n\u2022 En caso que anule la compra ya despachada deber\u00e1 abonar el costo de env\u00edo.<\/p>\n<p>__________________________________<\/p>\n<p>CONSIDERACIONES GENERALES<\/p>\n<p>\u2022 Revise los productos antes de firmar el remito de entrega. Una vez firmado, no se aceptan reclamos por cajas rotas o faltantes.<br \/>\n\u2022 Recuerde que las entregas a domicilio se realizan siempre a pie de cami\u00f3n, Usted deber\u00e1 contar con personal para la descarga del material.<br \/>\n\u2022 No nos hacemos responsables de las roturas ocasionadas durante los env\u00edos por medio del correo OCA \/ ANDREANI \/ OCASA \/ CORREO ARGENTINO, encomiendas o transportes expresos. Queda a cargo del comprador contratar o no los seguros que \u00e9stas empresas ofrecen.<\/p>\n<p>_______________________________________<\/p>\n<p>NUESTRAS MARCAS<\/p>\n<p>* CERAMICOS Y PORCELANATOS: Alberdi \/ Allpa \/ Lourdes \/ San Pietro \/ Ca\u00f1uelas \/ Maja<br \/>\n* ACCESORIOS: Ceramica Piu \/ Maja<br \/>\n* SANITARIOS: Roca<br \/>\n* GRIFERIAS: Hidromet<br \/>\n* ADHESIVOS: Mapei<\/p>\n<p>TRABAJAMOS CON 1RA Y 2DA CALIDAD EN PORCELANATOS Y CER\u00c1MICOS<\/p>\n<\/div>\n<\/div>\n","protected":false},"excerpt":{"rendered":"<p>Caracter\u00edsticas principales Marca Mapei Modelo Keraflor Plus Adhesivo cementicio para pisos y revestimientos cer\u00e1micos de alta absorci\u00f3n. Campos de aplicaci\u00f3n:&#8230;<\/p>\n","protected":false},"featured_media":3295,"comment_status":"closed","ping_status":"closed","template":"","meta":{"_joinchat":[]},"product_brand":[],"product_cat":[43,45],"product_tag":[],"class_list":{"0":"post-103","1":"product","2":"type-product","3":"status-publish","4":"has-post-thumbnail","6":"product_cat-adhesivos-y-pastinas","7":"product_cat-ceramico","9":"first","10":"instock","11":"shipping-taxable","12":"product-type-simple"},"yoast_head":"<!-- This site is optimized with the Yoast SEO plugin v27.4 - https:\/\/yoast.com\/product\/yoast-seo-wordpress\/ -->\n<title>Pegamento Cer\u00e1mica Keraflor Plus 30kg Mapei Adhesivo - CERCOMAT<\/title>\n<meta name=\"description\" content=\"Pegamento Impermeable Ceramica Keraflor 30kg Mapei Adhesivo Cercomat Pisos Polvorines Jos\u00e9 C Paz Gran Bourg Pilar Hogar Revestimientos\" \/>\n<meta name=\"robots\" content=\"index, follow, max-snippet:-1, max-image-preview:large, max-video-preview:-1\" \/>\n<link rel=\"canonical\" href=\"https:\/\/cercomat.com.ar\/?product=pegamento-impermeable-ceramica-keraflor-30kg-mapei-adhesivo\" \/>\n<meta property=\"og:locale\" content=\"es_ES\" \/>\n<meta property=\"og:type\" content=\"article\" \/>\n<meta property=\"og:title\" content=\"Pegamento Cer\u00e1mica Keraflor Plus 30kg Mapei Adhesivo - CERCOMAT\" \/>\n<meta property=\"og:description\" content=\"Pegamento Impermeable Ceramica Keraflor 30kg Mapei Adhesivo Cercomat Pisos Polvorines Jos\u00e9 C Paz Gran Bourg Pilar Hogar Revestimientos\" \/>\n<meta property=\"og:url\" content=\"https:\/\/cercomat.com.ar\/?product=pegamento-impermeable-ceramica-keraflor-30kg-mapei-adhesivo\" \/>\n<meta property=\"og:site_name\" content=\"CERCOMAT\" \/>\n<meta property=\"article:modified_time\" content=\"2023-09-07T20:50:00+00:00\" \/>\n<meta property=\"og:image\" content=\"https:\/\/cercomat.com.ar\/wp-content\/uploads\/2021\/01\/D_NQ_NP_744428-MLA43199473571_082020-O.jpg\" \/>\n\t<meta property=\"og:image:width\" content=\"340\" \/>\n\t<meta property=\"og:image:height\" content=\"500\" \/>\n\t<meta property=\"og:image:type\" content=\"image\/jpeg\" \/>\n<meta name=\"twitter:card\" content=\"summary_large_image\" \/>\n<meta name=\"twitter:label1\" content=\"Tiempo de lectura\" \/>\n\t<meta name=\"twitter:data1\" content=\"2 minutos\" \/>\n<script type=\"application\/ld+json\" class=\"yoast-schema-graph\">{\"@context\":\"https:\\\/\\\/schema.org\",\"@graph\":[{\"@type\":\"WebPage\",\"@id\":\"https:\\\/\\\/cercomat.com.ar\\\/?product=pegamento-impermeable-ceramica-keraflor-30kg-mapei-adhesivo\",\"url\":\"https:\\\/\\\/cercomat.com.ar\\\/?product=pegamento-impermeable-ceramica-keraflor-30kg-mapei-adhesivo\",\"name\":\"Pegamento Cer\u00e1mica Keraflor Plus 30kg Mapei Adhesivo - CERCOMAT\",\"isPartOf\":{\"@id\":\"https:\\\/\\\/cercomat.com.ar\\\/#website\"},\"primaryImageOfPage\":{\"@id\":\"https:\\\/\\\/cercomat.com.ar\\\/?product=pegamento-impermeable-ceramica-keraflor-30kg-mapei-adhesivo#primaryimage\"},\"image\":{\"@id\":\"https:\\\/\\\/cercomat.com.ar\\\/?product=pegamento-impermeable-ceramica-keraflor-30kg-mapei-adhesivo#primaryimage\"},\"thumbnailUrl\":\"https:\\\/\\\/cercomat.com.ar\\\/wp-content\\\/uploads\\\/2021\\\/01\\\/D_NQ_NP_744428-MLA43199473571_082020-O.jpg\",\"datePublished\":\"2021-01-07T23:23:58+00:00\",\"dateModified\":\"2023-09-07T20:50:00+00:00\",\"description\":\"Pegamento Impermeable Ceramica Keraflor 30kg Mapei Adhesivo Cercomat Pisos Polvorines Jos\u00e9 C Paz Gran Bourg Pilar Hogar Revestimientos\",\"breadcrumb\":{\"@id\":\"https:\\\/\\\/cercomat.com.ar\\\/?product=pegamento-impermeable-ceramica-keraflor-30kg-mapei-adhesivo#breadcrumb\"},\"inLanguage\":\"es\",\"potentialAction\":[{\"@type\":\"ReadAction\",\"target\":[\"https:\\\/\\\/cercomat.com.ar\\\/?product=pegamento-impermeable-ceramica-keraflor-30kg-mapei-adhesivo\"]}]},{\"@type\":\"ImageObject\",\"inLanguage\":\"es\",\"@id\":\"https:\\\/\\\/cercomat.com.ar\\\/?product=pegamento-impermeable-ceramica-keraflor-30kg-mapei-adhesivo#primaryimage\",\"url\":\"https:\\\/\\\/cercomat.com.ar\\\/wp-content\\\/uploads\\\/2021\\\/01\\\/D_NQ_NP_744428-MLA43199473571_082020-O.jpg\",\"contentUrl\":\"https:\\\/\\\/cercomat.com.ar\\\/wp-content\\\/uploads\\\/2021\\\/01\\\/D_NQ_NP_744428-MLA43199473571_082020-O.jpg\",\"width\":340,\"height\":500},{\"@type\":\"BreadcrumbList\",\"@id\":\"https:\\\/\\\/cercomat.com.ar\\\/?product=pegamento-impermeable-ceramica-keraflor-30kg-mapei-adhesivo#breadcrumb\",\"itemListElement\":[{\"@type\":\"ListItem\",\"position\":1,\"name\":\"Portada\",\"item\":\"https:\\\/\\\/cercomat.com.ar\\\/\"},{\"@type\":\"ListItem\",\"position\":2,\"name\":\"Tienda\",\"item\":\"https:\\\/\\\/cercomat.com.ar\\\/?page_id=9\"},{\"@type\":\"ListItem\",\"position\":3,\"name\":\"Pegamento Cer\u00e1mica Keraflor Plus 30kg Mapei Adhesivo\"}]},{\"@type\":\"WebSite\",\"@id\":\"https:\\\/\\\/cercomat.com.ar\\\/#website\",\"url\":\"https:\\\/\\\/cercomat.com.ar\\\/\",\"name\":\"CERCOMAT\",\"description\":\"\",\"publisher\":{\"@id\":\"https:\\\/\\\/cercomat.com.ar\\\/#organization\"},\"potentialAction\":[{\"@type\":\"SearchAction\",\"target\":{\"@type\":\"EntryPoint\",\"urlTemplate\":\"https:\\\/\\\/cercomat.com.ar\\\/?s={search_term_string}\"},\"query-input\":{\"@type\":\"PropertyValueSpecification\",\"valueRequired\":true,\"valueName\":\"search_term_string\"}}],\"inLanguage\":\"es\"},{\"@type\":\"Organization\",\"@id\":\"https:\\\/\\\/cercomat.com.ar\\\/#organization\",\"name\":\"CERCOMAT\",\"url\":\"https:\\\/\\\/cercomat.com.ar\\\/\",\"logo\":{\"@type\":\"ImageObject\",\"inLanguage\":\"es\",\"@id\":\"https:\\\/\\\/cercomat.com.ar\\\/#\\\/schema\\\/logo\\\/image\\\/\",\"url\":\"https:\\\/\\\/cercomat.com.ar\\\/wp-content\\\/uploads\\\/2023\\\/04\\\/Instagram-Post-Restaurante-Comida-Negro-Naranja-2.jpg\",\"contentUrl\":\"https:\\\/\\\/cercomat.com.ar\\\/wp-content\\\/uploads\\\/2023\\\/04\\\/Instagram-Post-Restaurante-Comida-Negro-Naranja-2.jpg\",\"width\":1080,\"height\":1080,\"caption\":\"CERCOMAT\"},\"image\":{\"@id\":\"https:\\\/\\\/cercomat.com.ar\\\/#\\\/schema\\\/logo\\\/image\\\/\"}}]}<\/script>\n<!-- \/ Yoast SEO plugin. -->","yoast_head_json":{"title":"Pegamento Cer\u00e1mica Keraflor Plus 30kg Mapei Adhesivo - CERCOMAT","description":"Pegamento Impermeable Ceramica Keraflor 30kg Mapei Adhesivo Cercomat Pisos Polvorines Jos\u00e9 C Paz Gran Bourg Pilar Hogar Revestimientos","robots":{"index":"index","follow":"follow","max-snippet":"max-snippet:-1","max-image-preview":"max-image-preview:large","max-video-preview":"max-video-preview:-1"},"canonical":"https:\/\/cercomat.com.ar\/?product=pegamento-impermeable-ceramica-keraflor-30kg-mapei-adhesivo","og_locale":"es_ES","og_type":"article","og_title":"Pegamento Cer\u00e1mica Keraflor Plus 30kg Mapei Adhesivo - CERCOMAT","og_description":"Pegamento Impermeable Ceramica Keraflor 30kg Mapei Adhesivo Cercomat Pisos Polvorines Jos\u00e9 C Paz Gran Bourg Pilar Hogar Revestimientos","og_url":"https:\/\/cercomat.com.ar\/?product=pegamento-impermeable-ceramica-keraflor-30kg-mapei-adhesivo","og_site_name":"CERCOMAT","article_modified_time":"2023-09-07T20:50:00+00:00","og_image":[{"width":340,"height":500,"url":"https:\/\/cercomat.com.ar\/wp-content\/uploads\/2021\/01\/D_NQ_NP_744428-MLA43199473571_082020-O.jpg","type":"image\/jpeg"}],"twitter_card":"summary_large_image","twitter_misc":{"Tiempo de lectura":"2 minutos"},"schema":{"@context":"https:\/\/schema.org","@graph":[{"@type":"WebPage","@id":"https:\/\/cercomat.com.ar\/?product=pegamento-impermeable-ceramica-keraflor-30kg-mapei-adhesivo","url":"https:\/\/cercomat.com.ar\/?product=pegamento-impermeable-ceramica-keraflor-30kg-mapei-adhesivo","name":"Pegamento Cer\u00e1mica Keraflor Plus 30kg Mapei Adhesivo - CERCOMAT","isPartOf":{"@id":"https:\/\/cercomat.com.ar\/#website"},"primaryImageOfPage":{"@id":"https:\/\/cercomat.com.ar\/?product=pegamento-impermeable-ceramica-keraflor-30kg-mapei-adhesivo#primaryimage"},"image":{"@id":"https:\/\/cercomat.com.ar\/?product=pegamento-impermeable-ceramica-keraflor-30kg-mapei-adhesivo#primaryimage"},"thumbnailUrl":"https:\/\/cercomat.com.ar\/wp-content\/uploads\/2021\/01\/D_NQ_NP_744428-MLA43199473571_082020-O.jpg","datePublished":"2021-01-07T23:23:58+00:00","dateModified":"2023-09-07T20:50:00+00:00","description":"Pegamento Impermeable Ceramica Keraflor 30kg Mapei Adhesivo Cercomat Pisos Polvorines Jos\u00e9 C Paz Gran Bourg Pilar Hogar Revestimientos","breadcrumb":{"@id":"https:\/\/cercomat.com.ar\/?product=pegamento-impermeable-ceramica-keraflor-30kg-mapei-adhesivo#breadcrumb"},"inLanguage":"es","potentialAction":[{"@type":"ReadAction","target":["https:\/\/cercomat.com.ar\/?product=pegamento-impermeable-ceramica-keraflor-30kg-mapei-adhesivo"]}]},{"@type":"ImageObject","inLanguage":"es","@id":"https:\/\/cercomat.com.ar\/?product=pegamento-impermeable-ceramica-keraflor-30kg-mapei-adhesivo#primaryimage","url":"https:\/\/cercomat.com.ar\/wp-content\/uploads\/2021\/01\/D_NQ_NP_744428-MLA43199473571_082020-O.jpg","contentUrl":"https:\/\/cercomat.com.ar\/wp-content\/uploads\/2021\/01\/D_NQ_NP_744428-MLA43199473571_082020-O.jpg","width":340,"height":500},{"@type":"BreadcrumbList","@id":"https:\/\/cercomat.com.ar\/?product=pegamento-impermeable-ceramica-keraflor-30kg-mapei-adhesivo#breadcrumb","itemListElement":[{"@type":"ListItem","position":1,"name":"Portada","item":"https:\/\/cercomat.com.ar\/"},{"@type":"ListItem","position":2,"name":"Tienda","item":"https:\/\/cercomat.com.ar\/?page_id=9"},{"@type":"ListItem","position":3,"name":"Pegamento Cer\u00e1mica Keraflor Plus 30kg Mapei Adhesivo"}]},{"@type":"WebSite","@id":"https:\/\/cercomat.com.ar\/#website","url":"https:\/\/cercomat.com.ar\/","name":"CERCOMAT","description":"","publisher":{"@id":"https:\/\/cercomat.com.ar\/#organization"},"potentialAction":[{"@type":"SearchAction","target":{"@type":"EntryPoint","urlTemplate":"https:\/\/cercomat.com.ar\/?s={search_term_string}"},"query-input":{"@type":"PropertyValueSpecification","valueRequired":true,"valueName":"search_term_string"}}],"inLanguage":"es"},{"@type":"Organization","@id":"https:\/\/cercomat.com.ar\/#organization","name":"CERCOMAT","url":"https:\/\/cercomat.com.ar\/","logo":{"@type":"ImageObject","inLanguage":"es","@id":"https:\/\/cercomat.com.ar\/#\/schema\/logo\/image\/","url":"https:\/\/cercomat.com.ar\/wp-content\/uploads\/2023\/04\/Instagram-Post-Restaurante-Comida-Negro-Naranja-2.jpg","contentUrl":"https:\/\/cercomat.com.ar\/wp-content\/uploads\/2023\/04\/Instagram-Post-Restaurante-Comida-Negro-Naranja-2.jpg","width":1080,"height":1080,"caption":"CERCOMAT"},"image":{"@id":"https:\/\/cercomat.com.ar\/#\/schema\/logo\/image\/"}}]}},"_links":{"self":[{"href":"https:\/\/cercomat.com.ar\/index.php?rest_route=\/wp\/v2\/product\/103","targetHints":{"allow":["GET"]}}],"collection":[{"href":"https:\/\/cercomat.com.ar\/index.php?rest_route=\/wp\/v2\/product"}],"about":[{"href":"https:\/\/cercomat.com.ar\/index.php?rest_route=\/wp\/v2\/types\/product"}],"replies":[{"embeddable":true,"href":"https:\/\/cercomat.com.ar\/index.php?rest_route=%2Fwp%2Fv2%2Fcomments&post=103"}],"version-history":[{"count":7,"href":"https:\/\/cercomat.com.ar\/index.php?rest_route=\/wp\/v2\/product\/103\/revisions"}],"predecessor-version":[{"id":3271,"href":"https:\/\/cercomat.com.ar\/index.php?rest_route=\/wp\/v2\/product\/103\/revisions\/3271"}],"wp:featuredmedia":[{"embeddable":true,"href":"https:\/\/cercomat.com.ar\/index.php?rest_route=\/wp\/v2\/media\/3295"}],"wp:attachment":[{"href":"https:\/\/cercomat.com.ar\/index.php?rest_route=%2Fwp%2Fv2%2Fmedia&parent=103"}],"wp:term":[{"taxonomy":"product_brand","embeddable":true,"href":"https:\/\/cercomat.com.ar\/index.php?rest_route=%2Fwp%2Fv2%2Fproduct_brand&post=103"},{"taxonomy":"product_cat","embeddable":true,"href":"https:\/\/cercomat.com.ar\/index.php?rest_route=%2Fwp%2Fv2%2Fproduct_cat&post=103"},{"taxonomy":"product_tag","embeddable":true,"href":"https:\/\/cercomat.com.ar\/index.php?rest_route=%2Fwp%2Fv2%2Fproduct_tag&post=103"}],"curies":[{"name":"wp","href":"https:\/\/api.w.org\/{rel}","templated":true}]}}